+ 2.
2, 3, 7
Suppose -5*p + p = -5*v - 1467, p - 366 = v. Suppose 3*m - c = p, 2*m - 197 = -c + 50. List the prime factors of m.
2, 61
Suppose 2*x = 4*w - 818, -x + 238 + 177 = 2*w. List the prime factors of w.
2, 103
Let h(t) = -5*t**2 - t - 2. Suppose -5*d + 1 - 6 = 0. Let x be h(d). What are the prime factors of -20*(1 - (-9)/x)?
2, 5
Let q(g) = 3*g**2 + 16*g - 13. Let w be q(11). Suppose -t + c + 551 = 2*t, 4*c = -3*t + w. What are the prime factors of t?
2, 7, 13
Let t = 2980 - 439. List the prime factors of t.
3, 7, 11
List the prime factors of 57/285 - (-4164)/5.
7, 17
Let d(r) = -11*r**3 + 10*r**2 + 16*r - 24. List the prime factors of d(-5).
3, 13
Let b(u) = 2*u**2 - 2*u - 3. Let f be b(-4). Let m = 65 - f. List the prime factors of m.
2, 7
Let x = -44 - -46. List the prime factors of -16*1*x/(4/(-2)).
2
Let m(h) = -63*h**3 - 2*h**2 - 3*h - 29. What are the prime factors of m(-3)?
1663
Let h = -70 - -72. Let m be -1*3/(6/(-32)). Suppose -m = h*a - 4*a. List the prime factors of a.
2
Suppose 0 = 7*l - 2*l - 25. Let s be (-2)/8 + (-442)/(-104). Suppose -f + l = -s. What are the prime factors of f?
3
Let o(b) = -348*b + 340. List the prime factors of o(-5).
2, 5, 13
Let x be 1/1*(-7 + -1). Let f = x + -10. List the prime factors of 8/(-3)*27/f.
2
Let l = 1901 + -1536. What are the prime factors of l?
5, 73
Suppose 4*j + 8 = 3*j - 4*g, j = -g - 2. Suppose 0 = 4*q - 5*a - 119, 3*q - 5*a - 92 - 1 = j. Let m = 47 - q. What are the prime factors of m?
3, 7
Let a(x) be the second derivative of -x**3/6 + x**2 - 8*x. Let u be a(2). Suppose j = -u*j + 7. What are the prime factors of j?
7
Suppose -34*p = 618 - 2318. What are the prime factors of p?
2, 5
Let m(b) = 3*b**2 + 2*b + 1. Let r be m(-1). Let s = -1648 + 1765. Suppose 2*p = n - 54, -r*n - 8*p + s = -3*p. What are the prime factors of n?
2, 7
List the prime factors of ((-784)/70)/(2*2/(-800)).
2, 5, 7
Suppose -3*p = p - 416. Suppose -b - b = -p. List the prime factors of b.
2, 13
What are the prime factors of 294/(14 + 0)*294?
2, 3, 7
Let s be -4 + (-3 - -7) - -56. Suppose 123 = 5*z + k - s, -4*k = 4*z - 156. List the prime factors of z.
5, 7
Suppose 0 = 9*m - 2266 - 5105. What are the prime factors of m?
3, 7, 13
Suppose 124 = t - 41. Let z = t - 57. List the prime factors of z.
2, 3
Let y(r) = -4*r**2 + 6 - 3 + 1. Let m be y(3). Let d = m + 56. List the prime factors of d.
2, 3
Let u(j) = -93*j + 17. Let i be u(-6). Let l = i - 274. What are the prime factors of l?
7, 43
Suppose 2*m - 830 = -2*d, -623 = 3*m + 4*d - 1865. What are the prime factors of m?
2, 11, 19
List the prime factors of (-7)/((-70)/(-1332))*180/(-72).
3, 37
Let k(f) = f**2 + 19*f + 15. Let v be k(-20). Suppose 2*u - v = u. List the prime factors of u.
5, 7
Suppose 0 = 4*w - 4*y - 2236, -3*w - 4*y = -1985 + 336. What are the prime factors of w?
3, 5, 37
Let m(s) = s**3 - 3*s**2 - s + 7. Let b be m(4). Suppose a - b = 30. What are the prime factors of a?
7
Let t(m) = 2*m**3 + 7*m**2 - 5*m + 3. Let o be t(-4). Let n(h) = h**3 - 7*h**2 - 2*h + 5. Let a be n(o). Let z = 22 + a. What are the prime factors of z?
13
Let p = 5720 + -3321. List the prime factors of p.
2399
Let c(y) = -3 + 1 + 20*y + 3*y. List the prime factors of c(1).
3, 7
Suppose -1540 = -5*i + 3*j, -2*j - 1230 = 2*i - 6*i. List the prime factors of i.
5, 61
Suppose -8*y = -6*y - 80. What are the prime factors of 122/8 - -2*(-5)/y?
3, 5
Let v = -116 + 238. Let t = 209 - v. List the prime factors of t.
3, 29
Suppose -5*h + 3*b + 18 = 0, 5*h + 3*b - 12 = -0. Let d(z) be the first derivative of 9*z**2/2 + 2*z + 8. What are the prime factors of d(h)?
29
Let j be 10/4*10/(-5). Let r be j/2*174/(-15). Suppose 136 + r = 5*h. List the prime factors of h.
3, 11
Let x = 4 - -68. List the prime factors of x.
2, 3
Suppose 0 = 4*h - 8, 0 + 3 = -3*i - 3*h. What are the prime factors of (-4)/6 - 317/i?
3, 5, 7
What are the prime factors of (-3 - 7) + 10 - -3311?
7, 11, 43
Let q(o) = 6*o + 1. Suppose 0 = 4*a + h + 2*h - 13, 0 = 4*a - 3*h + 5. Let z be q(a). Let y = z - -4. List the prime factors of y.
11
Let b(l) = 2*l**3 - 3*l**2 + 1. Let y be b(1). Suppose 0 = -4*p - 3*s + 213, 3*p = -y*s - s + 156. List the prime factors of p.
3, 17
Let d(w) = -w**3 + w. Let m be d(0). List the prime factors of (-5)/(-10)*(m - 6) + 58.
5, 11
Let s = -6 - -8. Let u(b) = b**3 + b**2 - b - 4. What are the prime factors of u(s)?
2, 3
Let y(r) = 3*r + 23. Suppose 4*l = 5*s - l + 95, s + 25 = 4*l. Let w be y(s). Let n = w + 62. List the prime factors of n.
2, 17
Let u = -249 + 488. List the prime factors of u.
239
Suppose 5*i + 37 + 8 = 0. What are the prime factors of i/24 + 454/16?
2, 7
Let u(s) = 123*s**3 + 5*s**2 + 6. List the prime factors of u(2).
2, 5, 101
Let k(q) = -22*q - 22. Let i(s) = -11*s - 11. Let d(t) = 13*i(t) - 6*k(t). What are the prime factors of d(-5)?
2, 11
Suppose z + 7 = 19. Suppose -z*h + 450 + 234 = 0. List the prime factors of h.
3, 19
Suppose d + c = 15, d + 1 = c + 6. Suppose 2*w + w + 6*w = 0. Suppose w = 7*t - d*t + 30. List the prime factors of t.
2, 5
What are the prime factors of (-1)/2 + -7 + (-5076)/(-8)?
3, 11, 19
Let l(u) = 5*u**2 + 10*u + 55. What are the prime factors of l(-11)?
2, 5, 11
Let d = 33 - 30. Suppose -4*t + 7*t = -y + 23, 5*t = -d*y + 85. What are the prime factors of y?
5, 7
Suppose 4*n - 2*b + 1 = 13, 2*n = 4*b - 6. Suppose -2*q - 24 = h - 244, -854 = -4*h + n*q. What are the prime factors of h?
2, 3
Let g = 6 + 117. List the prime factors of g.
3, 41
Suppose -a - 113 = -653. List the prime factors of a.
2, 3, 5
Suppose 2*u = 2*o + 2140, 31*u - 1052 = 30*u - 5*o. What are the prime factors of u?
11, 97
Suppose -4*m - 2555 = -7*k, -2*m + 904 = 2*k + 174. What are the prime factors of k?
5, 73
Let f(q) = 3*q - 30. Let o be f(11). Let a = -7 + 11. Suppose 0*x = -o*n + 3*x + 78, a*n - 3*x - 107 = 0. List the prime factors of n.
29
Let d = -159 + 259. Let k = d - 75. What are the prime factors of k?
5
Let i(d) = -3*d + 33. Let f be i(10). Suppose -616 = -g - f*g. List the prime factors of g.
2, 7, 11
Suppose 2 = 2*f + 5*a + 1, 0 = 4*f - 4*a - 16. Let n(b) = -4*b**2 - 2*b**3 - 1 - b - b**f + 3. List the prime factors of n(-2).
2, 3
Suppose -2*n - 194 = -4*n - 2*w, 5*w + 20 = 0. Let d = n + 0. What are the prime factors of d?
101
Let q be 268/4 - (-2)/(-2). Let c = q + 9. List the prime factors of c.
3, 5
Suppose 188 = -3*a - 2*h - 32, h = 5*a + 384. List the prime factors of (-3)/(1 + 82/a).
2, 19
Suppose 0*g - 8 = 2*g. Let j(f) = f**3 - f**2 + 3*f. Let s be j(3). Let o = s - g. List the prime factors of o.
31
Let w = 8 - 4. Suppose -x - 4*x + w*k = -34, 2*k + 26 = 4*x. Let n(c) = 3*c**2 - 9*c + 8. List the prime factors of n(x).
2, 31
Let p = -2101 - -2653. List the prime factors of p.
2, 3, 23
Suppose -17*o = -18*o + 2. Suppose 2*u + 40 = o*b - 0*u, -4*b = -5*u - 78. List the prime factors of b.
2, 11
Let j(p) be the second derivative of p**3/2 + 13*p**2/2 + 19*p. List the prime factors of j(9).
2, 5
Let u(z) be the third derivative of -z**4/12 - 7*z**3/6 + 7*z**2. Let m(b) = 10*b + 34. Let f(j) = -6*m(j) - 28*u(j). List the prime factors of f(-14).
2, 3
Let c = 395 - 100. What are the prime factors of c?
5, 59
Let y(b) = -2 - 163*b**2 + 82*b**2 + 16 + 82*b**2. Suppose 0*j + 5*f + 49 = 4*j, -4*j + 4*f + 44 = 0. What are the prime factors of y(j)?
2, 5
Let b = -131 + 569. What are the prime factors of b?
2, 3, 73
Suppose 7*c - 18*c + 3619 = 0. List the prime factors of c.
7, 47
Let z(q) = -9*q + 2. Let f(x) = 8*x - 3. Let k(c) = 4*f(c) + 3*z(c). Let j be k(3). Suppose j*s = 4*s + 80. What are the prime factors of s?
2
Let n(o) = o**3 + 10*o**2 - o - 10. Let f be n(-7). Suppose -5*s + s = -f. Suppose 0 = -5*d + s + 9. What are the prime factors of d?
3
Let w = 1581 + -958. List the prime factors of w.
7, 89
Suppose 66*l = 116935 + 82187. What are the prime factors of l?
7, 431
Suppose 11*o - 2905 = 4*o. What are the prime factors of o?
5, 83
Suppose -57 = -y + 5*j, -5*j = 3*y - 184 + 33. Suppose -l + 14 = -y. What are the prime factors of l?
2, 3, 11
Let o(b) = -4*b + 124. List the prime factors of o(-6).
2, 37
Let v(c) = -c**3 - 26*c**2 - 10*c + 178. List the prime factors of v(-26).
2, 3, 73
Suppose 3*u - 12 = 3*c, -2*u - 2*c = c - 23. Let 